{"id":40002,"date":"2022-01-17T20:20:26","date_gmt":"2022-01-17T20:20:26","guid":{"rendered":"https:\/\/yopiensoenpositivo.com\/online\/?post_type=product&#038;p=40002"},"modified":"2023-05-20T09:20:25","modified_gmt":"2023-05-20T13:20:25","slug":"7-pasos-para-lograr-el-amor-propio","status":"publish","type":"product","link":"https:\/\/yopiensoenpositivo.com\/online\/product\/7-pasos-para-lograr-el-amor-propio\/","title":{"rendered":"MANUAL 7 PASOS PARA LOGRAR EL AMOR PROPIO"},"content":{"rendered":"<p>Un manual paso a paso que te guiar\u00e1 en el proceso de recuperaci\u00f3n de tu AMOR PROPIO.<\/p>\n<p>Descripci\u00f3n del material:<br \/>\nFormato descargable en PDF de f\u00e1cil lectura y comprensi\u00f3n apto para cualquier dispositivo m\u00f3vil.<\/p>\n","protected":false},"excerpt":{"rendered":"<p>1- A\u00f1ade este producto al carrito.<br \/>\n2- Revisa tu carrito de compra.<br \/>\n3- Completa el pedido elige el m\u00e9todo de pago.<br \/>\n4- Finaliza tu compra y te confirmaremos v\u00eda email.<br \/>\n5- En caso de pagar v\u00eda Paypal, se ejecuta de inmediato el link de descarga.<\/p>\n","protected":false},"featured_media":40015,"comment_status":"open","ping_status":"closed","template":"","meta":[],"product_brand":[],"product_cat":[180,181],"product_tag":[182,183,184,186,185],"class_list":{"0":"post-40002","1":"product","2":"type-product","3":"status-publish","4":"has-post-thumbnail","6":"product_cat-manuales","7":"product_cat-pensamiento-positivo","8":"product_tag-amor-propio","9":"product_tag-autoestima","10":"product_tag-metas","11":"product_tag-pensamiento-positivo","12":"product_tag-superacion","14":"first","15":"instock","16":"sale","17":"downloadable","18":"shipping-taxable","19":"purchasable","20":"product-type-simple"},"yoast_head":"<!-- This site is optimized with the Yoast SEO plugin v27.5 - https:\/\/yoast.com\/product\/yoast-seo-wordpress\/ -->\n<title>MANUAL 7 PASOS PARA LOGRAR EL AMOR PROPIO - Pienso En Positivo<\/title>\n<meta name=\"robots\" content=\"index, follow, max-snippet:-1, max-image-preview:large, max-video-preview:-1\" \/>\n<link rel=\"canonical\" href=\"https:\/\/yopiensoenpositivo.com\/online\/product\/7-pasos-para-lograr-el-amor-propio\/\" \/>\n<meta property=\"og:locale\" content=\"es_ES\" \/>\n<meta property=\"og:type\" content=\"article\" \/>\n<meta property=\"og:title\" content=\"MANUAL 7 PASOS PARA LOGRAR EL AMOR PROPIO - Pienso En Positivo\" \/>\n<meta property=\"og:description\" content=\"1- A\u00f1ade este producto al carrito. 2- Revisa tu carrito de compra. 3- Completa el pedido elige el m\u00e9todo de pago. 4- Finaliza tu compra y te confirmaremos v\u00eda email. 5- En caso de pagar v\u00eda Paypal, se ejecuta de inmediato el link de descarga.\" \/>\n<meta property=\"og:url\" content=\"https:\/\/yopiensoenpositivo.com\/online\/product\/7-pasos-para-lograr-el-amor-propio\/\" \/>\n<meta property=\"og:site_name\" content=\"Pienso En Positivo\" \/>\n<meta property=\"article:modified_time\" content=\"2023-05-20T13:20:25+00:00\" \/>\n<meta property=\"og:image\" content=\"https:\/\/yopiensoenpositivo.com\/online\/wp-content\/uploads\/2022\/01\/MANUAL-7-PASOS-PARA-LOGRAR-EL-AMOR-PROPIO.jpg\" \/>\n\t<meta property=\"og:image:width\" content=\"1080\" \/>\n\t<meta property=\"og:image:height\" content=\"1080\" \/>\n\t<meta property=\"og:image:type\" content=\"image\/jpeg\" \/>\n<meta name=\"twitter:card\" content=\"summary_large_image\" \/>\n<script type=\"application\/ld+json\" class=\"yoast-schema-graph\">{\"@context\":\"https:\\\/\\\/schema.org\",\"@graph\":[{\"@type\":\"WebPage\",\"@id\":\"https:\\\/\\\/yopiensoenpositivo.com\\\/online\\\/product\\\/7-pasos-para-lograr-el-amor-propio\\\/\",\"url\":\"https:\\\/\\\/yopiensoenpositivo.com\\\/online\\\/product\\\/7-pasos-para-lograr-el-amor-propio\\\/\",\"name\":\"MANUAL 7 PASOS PARA LOGRAR EL AMOR PROPIO - Pienso En Positivo\",\"isPartOf\":{\"@id\":\"https:\\\/\\\/yopiensoenpositivo.com\\\/online\\\/#website\"},\"primaryImageOfPage\":{\"@id\":\"https:\\\/\\\/yopiensoenpositivo.com\\\/online\\\/product\\\/7-pasos-para-lograr-el-amor-propio\\\/#primaryimage\"},\"image\":{\"@id\":\"https:\\\/\\\/yopiensoenpositivo.com\\\/online\\\/product\\\/7-pasos-para-lograr-el-amor-propio\\\/#primaryimage\"},\"thumbnailUrl\":\"https:\\\/\\\/yopiensoenpositivo.com\\\/online\\\/wp-content\\\/uploads\\\/2022\\\/01\\\/MANUAL-7-PASOS-PARA-LOGRAR-EL-AMOR-PROPIO.jpg\",\"datePublished\":\"2022-01-17T20:20:26+00:00\",\"dateModified\":\"2023-05-20T13:20:25+00:00\",\"breadcrumb\":{\"@id\":\"https:\\\/\\\/yopiensoenpositivo.com\\\/online\\\/product\\\/7-pasos-para-lograr-el-amor-propio\\\/#breadcrumb\"},\"inLanguage\":\"es\",\"potentialAction\":[{\"@type\":\"ReadAction\",\"target\":[\"https:\\\/\\\/yopiensoenpositivo.com\\\/online\\\/product\\\/7-pasos-para-lograr-el-amor-propio\\\/\"]}]},{\"@type\":\"ImageObject\",\"inLanguage\":\"es\",\"@id\":\"https:\\\/\\\/yopiensoenpositivo.com\\\/online\\\/product\\\/7-pasos-para-lograr-el-amor-propio\\\/#primaryimage\",\"url\":\"https:\\\/\\\/yopiensoenpositivo.com\\\/online\\\/wp-content\\\/uploads\\\/2022\\\/01\\\/MANUAL-7-PASOS-PARA-LOGRAR-EL-AMOR-PROPIO.jpg\",\"contentUrl\":\"https:\\\/\\\/yopiensoenpositivo.com\\\/online\\\/wp-content\\\/uploads\\\/2022\\\/01\\\/MANUAL-7-PASOS-PARA-LOGRAR-EL-AMOR-PROPIO.jpg\",\"width\":1080,\"height\":1080,\"caption\":\"MANUAL-7-PASOS-PARA-LOGRAR-EL-AMOR-PROPIO\"},{\"@type\":\"BreadcrumbList\",\"@id\":\"https:\\\/\\\/yopiensoenpositivo.com\\\/online\\\/product\\\/7-pasos-para-lograr-el-amor-propio\\\/#breadcrumb\",\"itemListElement\":[{\"@type\":\"ListItem\",\"position\":1,\"name\":\"Portada\",\"item\":\"https:\\\/\\\/yopiensoenpositivo.com\\\/online\\\/\"},{\"@type\":\"ListItem\",\"position\":2,\"name\":\"Shop\",\"item\":\"https:\\\/\\\/yopiensoenpositivo.com\\\/online\\\/shop\\\/\"},{\"@type\":\"ListItem\",\"position\":3,\"name\":\"MANUAL 7 PASOS PARA LOGRAR EL AMOR PROPIO\"}]},{\"@type\":\"WebSite\",\"@id\":\"https:\\\/\\\/yopiensoenpositivo.com\\\/online\\\/#website\",\"url\":\"https:\\\/\\\/yopiensoenpositivo.com\\\/online\\\/\",\"name\":\"Pienso En Positivo\",\"description\":\"Te ayudamos a vivir y pensar en positivo\",\"potentialAction\":[{\"@type\":\"SearchAction\",\"target\":{\"@type\":\"EntryPoint\",\"urlTemplate\":\"https:\\\/\\\/yopiensoenpositivo.com\\\/online\\\/?s={search_term_string}\"},\"query-input\":{\"@type\":\"PropertyValueSpecification\",\"valueRequired\":true,\"valueName\":\"search_term_string\"}}],\"inLanguage\":\"es\"}]}<\/script>\n<!-- \/ Yoast SEO plugin. -->","yoast_head_json":{"title":"MANUAL 7 PASOS PARA LOGRAR EL AMOR PROPIO - Pienso En Positivo","robots":{"index":"index","follow":"follow","max-snippet":"max-snippet:-1","max-image-preview":"max-image-preview:large","max-video-preview":"max-video-preview:-1"},"canonical":"https:\/\/yopiensoenpositivo.com\/online\/product\/7-pasos-para-lograr-el-amor-propio\/","og_locale":"es_ES","og_type":"article","og_title":"MANUAL 7 PASOS PARA LOGRAR EL AMOR PROPIO - Pienso En Positivo","og_description":"1- A\u00f1ade este producto al carrito. 2- Revisa tu carrito de compra. 3- Completa el pedido elige el m\u00e9todo de pago. 4- Finaliza tu compra y te confirmaremos v\u00eda email. 5- En caso de pagar v\u00eda Paypal, se ejecuta de inmediato el link de descarga.","og_url":"https:\/\/yopiensoenpositivo.com\/online\/product\/7-pasos-para-lograr-el-amor-propio\/","og_site_name":"Pienso En Positivo","article_modified_time":"2023-05-20T13:20:25+00:00","og_image":[{"width":1080,"height":1080,"url":"https:\/\/yopiensoenpositivo.com\/online\/wp-content\/uploads\/2022\/01\/MANUAL-7-PASOS-PARA-LOGRAR-EL-AMOR-PROPIO.jpg","type":"image\/jpeg"}],"twitter_card":"summary_large_image","schema":{"@context":"https:\/\/schema.org","@graph":[{"@type":"WebPage","@id":"https:\/\/yopiensoenpositivo.com\/online\/product\/7-pasos-para-lograr-el-amor-propio\/","url":"https:\/\/yopiensoenpositivo.com\/online\/product\/7-pasos-para-lograr-el-amor-propio\/","name":"MANUAL 7 PASOS PARA LOGRAR EL AMOR PROPIO - Pienso En Positivo","isPartOf":{"@id":"https:\/\/yopiensoenpositivo.com\/online\/#website"},"primaryImageOfPage":{"@id":"https:\/\/yopiensoenpositivo.com\/online\/product\/7-pasos-para-lograr-el-amor-propio\/#primaryimage"},"image":{"@id":"https:\/\/yopiensoenpositivo.com\/online\/product\/7-pasos-para-lograr-el-amor-propio\/#primaryimage"},"thumbnailUrl":"https:\/\/yopiensoenpositivo.com\/online\/wp-content\/uploads\/2022\/01\/MANUAL-7-PASOS-PARA-LOGRAR-EL-AMOR-PROPIO.jpg","datePublished":"2022-01-17T20:20:26+00:00","dateModified":"2023-05-20T13:20:25+00:00","breadcrumb":{"@id":"https:\/\/yopiensoenpositivo.com\/online\/product\/7-pasos-para-lograr-el-amor-propio\/#breadcrumb"},"inLanguage":"es","potentialAction":[{"@type":"ReadAction","target":["https:\/\/yopiensoenpositivo.com\/online\/product\/7-pasos-para-lograr-el-amor-propio\/"]}]},{"@type":"ImageObject","inLanguage":"es","@id":"https:\/\/yopiensoenpositivo.com\/online\/product\/7-pasos-para-lograr-el-amor-propio\/#primaryimage","url":"https:\/\/yopiensoenpositivo.com\/online\/wp-content\/uploads\/2022\/01\/MANUAL-7-PASOS-PARA-LOGRAR-EL-AMOR-PROPIO.jpg","contentUrl":"https:\/\/yopiensoenpositivo.com\/online\/wp-content\/uploads\/2022\/01\/MANUAL-7-PASOS-PARA-LOGRAR-EL-AMOR-PROPIO.jpg","width":1080,"height":1080,"caption":"MANUAL-7-PASOS-PARA-LOGRAR-EL-AMOR-PROPIO"},{"@type":"BreadcrumbList","@id":"https:\/\/yopiensoenpositivo.com\/online\/product\/7-pasos-para-lograr-el-amor-propio\/#breadcrumb","itemListElement":[{"@type":"ListItem","position":1,"name":"Portada","item":"https:\/\/yopiensoenpositivo.com\/online\/"},{"@type":"ListItem","position":2,"name":"Shop","item":"https:\/\/yopiensoenpositivo.com\/online\/shop\/"},{"@type":"ListItem","position":3,"name":"MANUAL 7 PASOS PARA LOGRAR EL AMOR PROPIO"}]},{"@type":"WebSite","@id":"https:\/\/yopiensoenpositivo.com\/online\/#website","url":"https:\/\/yopiensoenpositivo.com\/online\/","name":"Pienso En Positivo","description":"Te ayudamos a vivir y pensar en positivo","potentialAction":[{"@type":"SearchAction","target":{"@type":"EntryPoint","urlTemplate":"https:\/\/yopiensoenpositivo.com\/online\/?s={search_term_string}"},"query-input":{"@type":"PropertyValueSpecification","valueRequired":true,"valueName":"search_term_string"}}],"inLanguage":"es"}]}},"post_mailing_queue_ids":[],"_links":{"self":[{"href":"https:\/\/yopiensoenpositivo.com\/online\/wp-json\/wp\/v2\/product\/40002","targetHints":{"allow":["GET"]}}],"collection":[{"href":"https:\/\/yopiensoenpositivo.com\/online\/wp-json\/wp\/v2\/product"}],"about":[{"href":"https:\/\/yopiensoenpositivo.com\/online\/wp-json\/wp\/v2\/types\/product"}],"replies":[{"embeddable":true,"href":"https:\/\/yopiensoenpositivo.com\/online\/wp-json\/wp\/v2\/comments?post=40002"}],"wp:featuredmedia":[{"embeddable":true,"href":"https:\/\/yopiensoenpositivo.com\/online\/wp-json\/wp\/v2\/media\/40015"}],"wp:attachment":[{"href":"https:\/\/yopiensoenpositivo.com\/online\/wp-json\/wp\/v2\/media?parent=40002"}],"wp:term":[{"taxonomy":"product_brand","embeddable":true,"href":"https:\/\/yopiensoenpositivo.com\/online\/wp-json\/wp\/v2\/product_brand?post=40002"},{"taxonomy":"product_cat","embeddable":true,"href":"https:\/\/yopiensoenpositivo.com\/online\/wp-json\/wp\/v2\/product_cat?post=40002"},{"taxonomy":"product_tag","embeddable":true,"href":"https:\/\/yopiensoenpositivo.com\/online\/wp-json\/wp\/v2\/product_tag?post=40002"}],"curies":[{"name":"wp","href":"https:\/\/api.w.org\/{rel}","templated":true}]}}